 is the remainder when 8746659 is divided by 1350?
9
Calculate the remainder when 261247 is divided by 13722.
529
What is the remainder when 8460519 is divided by 222?
99
Calculate the remainder when 8150325 is divided by 4075087.
151
Calculate the remainder when 6865050 is divided by 406.
402
What is the remainder when 20459319 is divided by 87?
51
Calculate the remainder when 1061166 is divided by 212233.
1
What is the remainder when 222393 is divided by 3281?
2566
Calculate the remainder when 501919 is divided by 2313.
2311
Calculate the remainder when 16264902 is divided by 123.
120
What is the remainder when 78930 is divided by 39438?
54
What is the remainder when 14990169 is divided by 3919?
3913
Calculate the remainder when 8556633 is divided by 284.
281
What is the remainder when 931339 is divided by 921?
208
What is the remainder when 19909 is divided by 3299?
115
Calculate the remainder when 38208052 is divided by 7641609.
7
What is the remainder when 17172 is divided by 8488?
196
Calculate the remainder when 3983435 is divided by 50.
35
Calculate the remainder when 2506363 is divided by 128.
123
What is the remainder when 226025 is divided by 2483?
72
Calculate the remainder when 25194 is divided by 11512.
2170
Calculate the remainder when 54358 is divided by 9002.
346
Calculate the remainder when 47773 is divided by 371.
285
Calculate the remainder when 6641663 is divided by 548.
451
Calculate the remainder when 1236890 is divided by 1995.
1985
Calculate the remainder when 48289 is divided by 14.
3
What is the remainder when 43694 is divided by 5376?
686
What is the remainder when 716176 is divided by 409?
17
What is the remainder when 1072964 is divided by 201?
26
Calculate the remainder when 3451253 is divided by 313747.
36
What is the remainder when 20493753 is divided by 253?
247
Calculate the remainder when 10568 is divided by 4409.
1750
What is the remainder when 163946 is divided by 1439?
1339
Calculate the remainder when 25411 is divided by 3146.
243
What is the remainder when 1222408 is divided by 324?
280
Calculate the remainder when 245990096 is divided by 577.
571
What is the remainder when 234353104 is divided by 10349?
10348
What is the remainder when 42919433 is divided by 745?
728
What is the remainder when 1830937 is divided by 261551?
80
What is the remainder when 3260438 is divided by 4?
2
Calculate the remainder when 14643 is divided by 9220.
5423
What is the remainder when 35912220 is divided by 3949?
14
Calculate the remainder when 49027950 is divided by 189.
27
Calculate the remainder when 5894471 is divided by 5894456.
15
What is the remainder when 1599607 is divided by 482?
331
Calculate the remainder when 75781631 is divided by 2472.
2471
What is the remainder when 2935684 is divided by 293567?
14
What is the remainder when 66562 is divided by 16059?
2326
What is the remainder when 64532729 is divided by 10755454?
5
What is the remainder when 179042368 is divided by 737?
10
What is the remainder when 3158206 is divided by 54450?
106
What is the remainder when 5473879 is divided by 19274?
63
Calculate the remainder when 19502605 is divided by 2451.
2449
What is the remainder when 1798203 is divided by 232?
203
Calculate the remainder when 296584 is divided by 4007.
66
Calculate the remainder when 117066 is divided by 115.
111
Calculate the remainder when 23154 is divided by 4450.
904
What is the remainder when 7529439 is divided by 15986?
33
Calculate the remainder when 43956 is divided by 43815.
141
Calculate the remainder when 19675211 is divided by 16.
11
What is the remainder when 219415 is divided by 1226?
1187
Calculate the remainder when 270945149 is divided by 105.
104
What is the remainder when 1535424 is divided by 3474?
3390
What is the remainder when 27631610 is divided by 97?
93
What is the remainder when 346502 is divided by 3615?
3077
What is the remainder when 187964 is divided by 31273?
326
What is the remainder when 5119424 is divided by 3?
2
Calculate the remainder when 11345 is divided by 616.
257
What is the remainder when 2032857 is divided by 272?
201
What is the remainder when 42376371 is divided by 146631?
12
Calculate the remainder when 529081 is divided by 176277.
250
Calculate the remainder when 8412623 is divided by 423.
422
What is the remainder when 37553761 is divided by 3129479?
13
Calculate the remainder when 517405 is divided by 3382.
3341
Calculate the remainder when 784317 is divided by 137.
129
Calculate the remainder when 1124392 is divided by 80310.
52
Calculate the remainder when 45801 is divided by 6321.
1554
What is the remainder when 55004 is divided by 4221?
131
What is the remainder when 14926 is divided by 7360?
206
Calculate the remainder when 22011104 is divided by 314.
18
Calculate the remainder when 1634276 is divided by 56349.
155
Calculate the remainder when 533447 is divided by 220.
167
What is the remainder when 209111 is divided by 69580?
371
Calculate the remainder when 103743688 is divided by 170.
168
Calculate the remainder when 62520 is divided by 20522.
954
Calculate the remainder when 25092288 is divided by 649.
1
What is the remainder when 87813283 is divided by 148?
147
Calculate the remainder when 8661951 is divided by 718.
717
What is the remainder when 173082 is divided by 288?
282
Calculate the remainder when 19163 is divided by 9304.
555
Calculate the remainder when 60294717 is divided by 718.
667
Calculate the remainder when 174245196 is divided by 202.
198
What is the remainder when 576341 is divided by 136?
109
Calculate the remainder when 2404254 is divided by 143.
138
Calculate the remainder when 267789 is divided by 197.
66
Calculate the remainder when 13567987 is divided by 2746.
1
Calculate the remainder when 2279311 is divided by 1641.
1603
What is the remainder when 56236 is divided by 27356?
1524
What is the remainder when 1973495 is divided by 39?
17
What is the remainder when 17840302 is divided by 466?
424
What is the remainder when 1535800 is divided by 2982?
70
Calculate the remainder when 6580546 is divided by 1118.
1116
What is the remainder when 1385756 is divided by 32?
28
What is the remainder when 92290993 is divided by 33?
25
Calculate the remainder when 123403957 is divided by 24.
13
What is the remainder when 111309 is divided by 604?
173
What is the remainder when 372832 is divided by 15534?
16
What is the remainder when 13399 is divided by 12620?
779
Calculate the remainder when 817018 is divided by 5364.
1690
What is the remainder when 44807956 is divided by 99?
61
Calculate the remainder when 1476282 is divided by 147627.
12
Calculate the remainder when 111834323 is divided by 609.
608
Calculate the remainder when 40699898 is divided by 27.
17
What is the remainder when 33489 is divided by 10964?
597
Calculate the remainder when 3796168 is divided by 104.
64
Calculate the remainder when 54447391 is divided by 36034.
17
What is the remainder when 354346 is divided by 3731?
3632
What is the remainder when 1706158 is divided by 37911?
163
What is the remainder when 3127788 is divided by 230?
18
Calculate the remainder when 24583261 is divided by 1032.
1021
What is the remainder when 144909 is divided by 26?
11
Calculate the remainder when 846680 is divided by 83.
80
Calculate the remainder when 112101099 is divided by 4542.
4539
What is the remainder when 12081573 is divided by 140483?
35
What is the remainder when 125566510 is divided by 18?
4
What is the remainder when 414078 is divided by 510?
468
What is the remainder when 1506054 is divided by 3486?
102
Calculate the remainder when 3206 is divided by 3112.
94
Calculate the remainder when 464976 is divided by 42266.
50
What is the remainder when 333775 is divided by 8233?
4455
Calculate the remainder when 28338 is divided by 3350.
1538
What is the remainder when 12947531 is divided by 100?
31
Calculate the remainder when 4886932 is divided by 977380.
32
Calculate the remainder when 223943 is divided by 201.
29
What is the remainder when 352000 is divided by 27070?
90
What is the remainder when 1749310 is divided by 143?
134
Calculate the remainder when 3165671 is divided by 1654.
1569
What is the remainder when 295356 is divided by 2221?
2184
Calculate th